 - 15*n + 32*n. Give i(-4).
-18
Let t(u) = 10*u - 4. Suppose 3*q - 6 = -0*q. Determine t(q).
16
Let l(t) be the first derivative of t**3/3 + 9*t**2/2 + 27*t + 201. Give l(-6).
9
Let s(f) = -5*f - 367 + 365 + 3*f. What is s(-8)?
14
Let o(r) = -4*r + 61. Let q be o(15). Let h(t) = t**2 - t - 1. What is h(q)?
-1
Suppose -2*g + 24 = 2*g. Let m be 2/(8/12) + 0. Let p(t) = -8*t + 74*t**m + 1 + 3 - 5*t**2 - 73*t**3. Determine p(g).
-8
Let u(r) = -r**2 - 2*r + 7. Suppose 0 = -d + 3*b - 4, 2*b = 4*d - 7 + 3. Suppose -19 = 3*n - d*f, n + 15 = -0*n + 5*f. Determine u(n).
-8
Let h(x) = -x**2 + 5*x + 3*x - 8*x + 1. Give h(0).
1
Let i(l) = -l**2 + l. Suppose 6*s - 7*s = -6. Suppose c - 11 = -2*u, -u = 2*c - s*u + 14. Calculate i(c).
-6
Suppose 9 = -0*x + 3*x. Suppose q - 25 - 5 = 5*p, -4*p = x*q + 5. Let o be (q - 5)/(2/1). Let a(r) = r + 1. What is a(o)?
1
Let g(i) = i**2 - 33*i + 32. Let t be g(32). Let m(y) = -y**2 + y - 24. Calculate m(t).
-24
Let o(r) = -25*r**2 + 71*r + 100. Let h(n) = -3*n**2 + 9*n + 12. Let a(t) = 17*h(t) - 2*o(t). Determine a(11).
4
Let p(h) be the second derivative of -1/6*h**3 - h**2 + 0 - 2*h. Determine p(7).
-9
Let z(x) = x**2 - 6 + 930*x + 4 + 4*x**2 - 6*x**2 - 925*x. Calculate z(5).
-2
Let h(j) = 12*j**3 + 2*j**2 - 1. Let m(g) = 8*g**2 - 3*g - 2. Let c be m(-1). Suppose 0 = -11*a + 2*a + c. Calculate h(a).
13
Let s(u) be the second derivative of -u**4/12 + u**3/2 - 6*u**2 - u + 73. Determine s(5).
-22
Let y(i) = i**3 - 6*i**2 - 7*i. Let h(p) = p + 6. Let j be h(-14). Let n = j - -15. Determine y(n).
0
Suppose 4*y - 64 = -3*i - 13, -y + 24 = 3*i. Let p(q) = q**2 - 7*q - 14. Determine p(y).
4
Let r(a) = 2*a - 11. Let h be r(13). Let q = 10 - h. Let p(t) = -2 - t - 3 + 3. Give p(q).
3
Let y(q) = 8*q**2 + 10*q**2 - q**2 + 3 - 18*q**2 + 5*q. What is y(4)?
7
Let r(h) = -h**2 + 21*h + 3. Let f be r(21). Let q(c) = -c + 18. Let d(g) = g - 9. Let u(j) = f*q(j) + 5*d(j). Give u(-6).
-3
Let j(n) be the first derivative of -1/24*n**4 - 9 + 5/2*n**2 + 0*n - 2*n**3. Let k(h) be the second derivative of j(h). Determine k(0).
-12
Let l = -87 - -128. Let z(k) = -8 - l*k + k**2 + 6 + 44*k. Give z(-4).
2
Let t(q) = q**2 + 7*q - 2. Let d be t(-8). Let o be 1/(-4) - 10/(-40). Let w(k) = -k**3 - 3 + o - 3 - 2 + 7*k**2 - 4*k. What is w(d)?
4
Let q(f) = 2*f**2 - 6*f + 4. Let o be q(5). Let s be (o/30)/((-2)/(-20)). Suppose r + r - s = 0. Let p(j) = j**3 - 4*j**2 + 3*j + 1. Determine p(r).
13
Suppose -3*q + 3060 = 5*i, -q - 4*q - 1193 = -2*i. Let h(b) = b**3 - 4*b**2 - 1 + i*b - b**2 - 617*b. Let o be (9/(-2))/((-6)/8). Give h(o).
-13
Let j(w) be the third derivative of w**7/120 + w**6/720 - w**5/120 + w**4/12 + 55*w**2. Let y(b) be the second derivative of j(b). Calculate y(1).
21
Let b(z) be the first derivative of -z**4/4 - 5*z**3/3 + 5*z**2/2 - 3*z - 89. Calculate b(-6).
3
Let t(p) be the third derivative of p**4/8 + 11*p**3/6 - 301*p**2. Calculate t(-9).
-16
Let i be (-2)/(-3 - (-404)/136). Let g = i + -62. Let b(p) = -4*p + 6. What is b(g)?
-18
Let t(o) = 7 + 12 - 13 + 10*o**2 - o + 2*o - 2*o**3. Suppose -16 = -6*n + 2*n. Let a(m) = 3*m**3 - 11*m**2 - m - 6. Let h(s) = n*t(s) + 3*a(s). Give h(-7).
-1
Let b = -488 - -494. Let n(l) = l**2 - 6*l - 2 - 2 + 11. What is n(b)?
7
Let v(b) = b**3 - 4*b**2 - 2*b - 4. Suppose -4*i - y + 6 = -13, 5*i - 5*y - 30 = 0. Determine v(i).
11
Let z(m) = -m**3 - 9*m**2 + 3. Let j(f) = -f**2. Let v(h) = 2*j(h) - z(h). Determine v(-6).
33
Let s(y) = y**3 - 5*y**2 - 5*y + 2. Suppose 19*l - 98 - 16 = 0. Determine s(l).
8
Let a(c) = c**3 + c - 6. Let j be a(2). Let t(o) be the third derivative of 2*o**2 - 1/24*o**j + 0*o + 5/6*o**3 + 0. Determine t(-4).
9
Suppose -7*r + 2*r - 33 = 2*j, -4*r + 4*j - 4 = 0. Let l be 0 - -1 - (-7 + 5). Let u(s) = -4*s + 0*s + 1 + l*s. What is u(r)?
6
Let x(f) = -7*f**3 - 1. Let a be x(-1). Suppose 0*v = 2*v - a. Let b(u) = 4 - v + 2 - 2 - u**2 + 3*u. What is b(4)?
-3
Let c(x) = -3*x**3 - 64*x**2 - 23*x - 36. Let j be c(-21). Let i(z) = -z**2 + 9*z - 13. Determine i(j).
5
Let q be 16*(-1)/(-3) - 53/159. Let d(r) = 10*r - 1. What is d(q)?
49
Let w(k) be the third derivative of k**4/12 - 9*k**3 - 80*k**2. Give w(24).
-6
Let d = -28 + 33. Suppose d*q - 7 = 8. Let h(w) = -w**3 + 3*w**2 - 2*w - 2. Give h(q).
-8
Let m(l) = -6*l + 7. Let f be m(-11). Let j(b) = 152*b - 80*b - 7 - f*b. Let u = 9 + -14. What is j(u)?
-2
Let i be 52/(-9) - 4/18. Let v(f) be the second derivative of f**5/20 + 7*f**4/12 + 4*f**3/3 + 3*f**2 - 57*f. Calculate v(i).
-6
Suppose 6 = h - 4. Let r = 8 - h. Let o be (r/4)/(2/(-4)). Let z(n) = -14*n**3 + n**2. Give z(o).
-13
Let x(o) = -o**2 - 9*o - 1. Suppose -24*f = -22*f - 18. Let h be 2/(6/f) + (-3 - 7). Determine x(h).
13
Let y(v) = v**3 + 2*v**2 - 7*v + 4. Let o be y(-4). Let k(l) be the second derivative of o - 3/2*l**2 - 1/12*l**4 - 5*l + 2/3*l**3. What is k(5)?
-8
Let p = -10 - -11. Let y(i) = i - 7. Let f be y(9). Let k(v) = 2*v**2 - 2*v**3 - v - v**f + 3 - 2 + 9*v**3. Give k(p).
8
Let y = 296 - 300. Let r(f) be the second derivative of f**3/6 + 2*f**2 + f. What is r(y)?
0
Let d(f) = 20*f - 2. Let v(q) = q**2 + 7*q - 59. Let p be v(-12). Calculate d(p).
18
Let l be 3/5 - (-462)/(-70). Let b(h) = -h**3 - 4*h**2 + 8*h - 3. Calculate b(l).
21
Let k(h) = -h**3 - h**2 + 4*h - 4. Let l be k(1). Let x(m) = 4*m**2 + 3*m + 5. Give x(l).
15
Suppose 40*v - 45*v + 5 = 0. Let s(t) = -2*t**2 - 7 - v + 2 + 5*t. What is s(4)?
-18
Let w(k) = k**2 + 3*k + 3. Let x be 1/((-4)/8) - (2 - -2). What is w(x)?
21
Let w(g) = g**2 - 1. Suppose 2*m + 3 = 5*l, 2*l + 1 = m + 2. Suppose -5 = a + y - m, -2*y - 6 = 0. Calculate w(a).
0
Let k = -1136 + 1148. Let p(y) = y - 21. What is p(k)?
-9
Let j(z) be the second derivative of z**4/6 - 9*z**3/2 + 9*z**2 - 981*z. Give j(13).
5
Let j(t) = t**3 - 6*t**2 - 11*t + 1. Let o(s) = -s**3 + 6*s**2 + 13*s - 1. Let a(q) = 6*j(q) + 5*o(q). Let h = 9 - 3. Give a(h).
-5
Let h(y) be the third derivative of y**5/20 - 5*y**4/24 - y**3/2 + y**2. Let c = 6786 - 6782. Determine h(c).
25
Let u(r) be the first derivative of -4*r**3/3 + r**2 + r + 4. Let q(d) = -d**2 + 15*d + 33. Let n be q(17). Calculate u(n).
-5
Let s be (88/(-12) + 4)/((-2)/(-24)). Let a be (s/(-25) - 1) + 38/(-5). Let m(d) = -d**2 - 7*d - 5. What is m(a)?
-5
Let s(g) = 189*g - 380*g - 1 + 190*g + 3*g**2. What is s(-1)?
3
Let m(x) = -x**2 + x + 9. Suppose -24 = -0*u - 4*u. Suppose -4*s = -s - u. Let i be 0/(3*s/3). Calculate m(i).
9
Let l = 5 + -10. Let n(r) = 0*r - r**3 - 2 + 112*r**2 - 117*r**2 + r. Calculate n(l).
-7
Let v(r) = r**2 - 2*r + 1. Let o be 2*(1/5)/((-8)/(-20)). Determine v(o).
0
Let r be -1 - 0 - (-2 + 0). Let t(f) = 3*f - 3*f + 4*f**2 - 3*f**3 + 4*f**3 - f - r. What is t(-3)?
11
Let s(t) be the first derivative of -t**2/2 + 4*t + 94. Let d = 9 - 6. Calculate s(d).
1
Let t = -125 + 134. Let p(s) = -s + 3. What is p(t)?
-6
Let z(d) be the third derivative of -1/120*d**6 + 0*d + 0*d**4 + 1/10*d**5 + 14*d**2 + 0 + 1/6*d**3. What is z(6)?
1
Let y be ((-476)/(-80) + -6)*4/(-6). Let v(l) be the third derivative of y*l**5 + 0 + 0*l - 1/8*l**4 - 1/2*l**3 + 10*l**2. Determine v(-2).
11
Let k(z) = 2*z**2 + 1 - 2*z**2 - z**2 + 6*z + 1. Let x(b) = b**3 + 5*b**2 - 2*b - 6. Suppose 0 = -4*i + 5*i + 5. Let f be x(i). Determine k(f).
10
Let v(m) = 12*m**2 - 2*m - 1. Let g(u) = 25*u**2 - 3*u - 3. Let o(b) = -2*g(b) + 5*v(b). Let a be o(1). Let n(k) = -k + 9. Determine n(a).
2
Let d be (17/3)/((-2)/(-12)). Suppose -4*m = 4*c - 44, -4*m + c + d = -2*m. Let z = -21 + m. Let p(o) = -o - 8. Give p(z).
-2
Let k(d) be the third derivative of -d**5/60 - 7*d**4/24 - 5*d**3/6 + 18*d**2 + 5*d. What is k(-5)?
5
Let p(h) be the third derivative of h**6/120 + h**5/12 - 7*h**4/24 - h**3/6 + 21*h**2. What is p(-6)?
5
Let h(s) = -s**3 + 7*s**2 - 9*s + 4. Let i(r) = r**3 + 12*r**2 + 2*r + 6. Let z be i(0). Determine h(z).
-14
Let u(i) = -2*i**3 + i**2 + i + 2. Let x(t) = 2*t**2 + 2*t - 2. Let d be x(-3). Let y be (5/d)/(1/4). What is u(y)?
-8
Let n(k) be the first derivative of k**6/360 - 5*k**4/24 - 34*k**3/3 - 31. Let t(w) be the third derivative of n(w). What is t(0)?
-5
Let a(p) = p**3 - p**2 - 3*p + 2. Let j be a(3). Let x(l) = -l**3 + 10*l**2 + 12*l + 11. Calculate x(j).
22
Let y(j) be the first derivative of 